+ 99. What is the units digit of g?
2
What is the units digit of (-1)/6*-3*14?
7
Let y(p) = 0*p - p + 1 - 2. Let m be (-10)/(-2 - -4 - 0). What is the units digit of y(m)?
4
Let u = 39 - 3. Suppose -2*t = -5*t + u. What is the tens digit of t?
1
Let f be 1/(-2)*0/(-4). Suppose 0 = -5*w + j - 2 + 1, -2*j + 2 = f. Suppose w = -4*h + 8*r - 3*r + 16, 5*h + 3*r = 20. What is the units digit of h?
4
Suppose 10*k = 14*k - 16. What is the units digit of k?
4
Let r = 1 - -3. Let q = -11 - -12. Suppose -3*d + r = q. What is the units digit of d?
1
Let j be (-3 + 2)/((-4)/20). Suppose -34 = -j*h + 6. What is the units digit of h?
8
Let d be 8/(-20) + 392/5. Suppose -d = -4*m + m. Let r = 44 - m. What is the tens digit of r?
1
Let q(j) = -j**2 - 20*j - 15. Let v be q(-14). Suppose -x + v = 2*x. What is the units digit of x?
3
Suppose -2*g - g + 9 = 0. Let d(y) = 2*y - 2. Let a be d(g). Suppose -4*u - 3*i = -8*u + 12, -i = a*u - 12. What is the units digit of u?
3
Let f(z) = z + 7. Let d be f(-7). Suppose -3*j - 3*c + 29 = -4*c, -3*c + 3 = d. What is the tens digit of j?
1
Let h(f) = 29*f - 4. What is the units digit of h(1)?
5
Suppose -8 = 4*b, -5*q + 3*b - 4 + 20 = 0. Suppose -k + 13 - 4 = -4*m, 2*m = -2*k - q. What is the units digit of k?
1
Let d(g) = -g**2 - g + 3. Let l be d(0). Let t be 2/6 - 1/l. Suppose 0*u + 2*u - 16 = t. What is the units digit of u?
8
Let r = 1 - -1. Suppose r = v + v + 3*j, v - 2*j - 8 = 0. What is the units digit of v/(-16) - 25/(-4)?
6
Suppose -13 = 2*l - 81. Let x = 2 + l. What is the tens digit of x?
3
Let m = -124 + 251. What is the tens digit of m?
2
Let a(g) = 8*g - 3. What is the units digit of a(2)?
3
Let x(v) = 5*v**2 + 2 - v + 0 + 1 - v**3. Let p be x(5). Let d = 4 - p. What is the units digit of d?
6
Suppose 0 = 2*g - 4. Suppose -n = 4*z - 57, -g*z + 39 = -6*n + 3*n. What is the units digit of z?
5
What is the tens digit of (-88)/(-3) + ((-55)/(-15) - 4)?
2
Suppose -7 = 2*u - z - 0, 0 = -5*z + 25. Let d(v) = -5*v**3 - 2*v**2 + 1. What is the units digit of d(u)?
4
What is the units digit of (210/28)/((-2)/(-4))?
5
Let d(o) = -9*o - 34. What is the tens digit of d(-11)?
6
Let l be -1 + 5 - 8/4. Suppose 0 = 4*a - l*r - 16, -20 = 2*r + 3*r. Suppose -a*x - 4*d = -d - 16, -3*x - 2*d + 34 = 0. What is the tens digit of x?
1
Suppose -r + c + 32 = 4*c, 64 = 4*r - 4*c. Suppose 0 = -4*k + 2*b, -3*k = -5*k - 4*b - r. What is the units digit of (1 - (k + 2))*13?
3
Suppose 5*v - 25 = -u, -2*u + 43 = 3*v - 7*u. Suppose -v*r + 40 = -4*r. What is the tens digit of r?
2
Let c = 25 + 30. What is the tens digit of c?
5
Suppose g = 6*g. Suppose -n + 9 = -g*n. Suppose -n = -2*t + 7. What is the units digit of t?
8
Let q = 4 - -63. What is the tens digit of q?
6
Suppose 2*i - r - 58 = 0, -2*r = -7*r - 10. Suppose -3*v - 2*c + 32 = -6*c, 4*v - i = -2*c. What is the units digit of v?
8
Suppose -4 - 10 = -4*y + 2*p, -3*p - 17 = -5*y. Suppose y*t + 0*t = 4. Suppose -4*b - 1 = -n - 26, -n - t = 0. What is the units digit of b?
6
Suppose 117*u - 113*u = 724. What is the hundreds digit of u?
1
Let h = -22 - -40. What is the units digit of h?
8
Let u = 7 - 7. Suppose -4*r = -u*r - 40. What is the units digit of r?
0
Suppose -4*r + 3*r = 2*g + 14, 3*g = 5*r + 31. What is the units digit of (-28)/r + 2/4?
4
Suppose 0 = 2*t + 2*k - 390, -285 = -3*t + 3*k + 300. What is the hundreds digit of t?
1
Let t(w) = 12*w - 57. What is the units digit of t(13)?
9
Let b = -8 + 4. Let s = b - -3. What is the units digit of 4 - ((s - -2) + -1)?
4
Suppose 0 = 5*t - t - 16. Suppose t*k - 25 = -k. What is the units digit of k?
5
Let u = -15 - -11. Let d(y) = -12*y - 1. Let h be d(2). Let z = u - h. What is the tens digit of z?
2
Suppose 0 = -4*b - 5*s - 13, 2*b + 2*s + 13 = 3*b. Let t = -10 - -32. Suppose -d + t = b. What is the units digit of d?
9
Let i = -26 - -59. What is the tens digit of i?
3
Let d = 121 + -68. What is the units digit of d?
3
Suppose 3*f = -4*x + 477, 5*f + 5*x - 816 = -21. What is the hundreds digit of f?
1
Let i = 8 - 7. What is the tens digit of ((-8)/5)/(i/(-20))?
3
Suppose 2*i - i + 5 = 5*d, -3*d = -4*i + 31. Let f be 4/i - (-390)/25. Let n = 23 - f. What is the units digit of n?
7
Let w be (0 + 3)*(-19 + 8). Let b = w + 1. Let q = -16 - b. What is the tens digit of q?
1
Let l(v) = v**3 + 10*v**2 + 5*v + 13 - 2*v**3 - 6*v - 11*v. What is the tens digit of l(8)?
4
Suppose 12 = -4*p, -3*s + 268 = 2*s - p. What is the units digit of s?
3
Let t be 2/(-5) + 27/5. Suppose -16 = 2*c - 4*c. Suppose -t*b + 7 = -c. What is the units digit of b?
3
Suppose 5*y + 3*x = 8*y - 294, -y = -3*x - 108. What is the units digit of y?
3
What is the tens digit of 1268/6 + 24/36?
1
Let z = 190 - 62. What is the tens digit of z?
2
Let q(i) = 3*i + 3. Let m(v) = -1. Let s(b) = -4*m(b) - q(b). What is the units digit of s(-2)?
7
Suppose 3*j = -0*j + h + 424, -2*j + 2*h = -280. What is the tens digit of j?
4
Suppose -s = -5*s + 8. Suppose -v + 0*p = -s*p - 5, 5*v - 4*p - 43 = 0. Suppose 5 = g + 4*z + 16, 0 = 4*g + 5*z - v. What is the units digit of g?
9
Let q(i) = i**2 + 10*i + 3. Let y be q(-9). Let t(x) = x**3 + 6*x**2 - 8*x - 5. What is the tens digit of t(y)?
4
Let p(c) = c**3 - 11*c**2 + 10*c + 13. Let t be p(10). Suppose -t = -3*w - 1. Suppose 65 = m + w*m. What is the tens digit of m?
1
Suppose -u = 5*s + 22, -2*u = 3*s - 0*s + 9. Let i = -1 - s. What is the units digit of i?
4
Let q be 1/2*3*4. Suppose -3*f - 57 = -q*f. What is the tens digit of f?
1
Suppose 3*i - 2*f = 284, 4*i + 2*f - 468 = -i. What is the units digit of i?
4
Let d(p) = -p**2 - 5*p + 6. Let s be d(-6). Suppose 9*l - 45 = 4*l. Let q = l + s. What is the units digit of q?
9
Suppose -2*z + 24 = -4*q, 4 = -4*z + 3*z. Let l = q + 11. Suppose x - 2*m + 4*m - 20 = 0, -l*m - 48 = -5*x. What is the units digit of x?
2
Suppose g + 3*g - 10 = 2*m, -2*g + 30 = 4*m. Suppose 0 = -r - 0 + m. Suppose -5*y = -5*b + 45, -b + 35 = 3*b - r*y. What is the units digit of b?
0
Let q(x) = 8*x**2 + x**3 + 0*x**3 - 8 + x + 4*x**2 - 5*x**2. Let y = 5 + -11. What is the tens digit of q(y)?
2
Let i(p) = -5*p**2 - 5*p - 48. Let b(m) = -2*m**2 - 2*m - 16. Let n(l) = 8*b(l) - 3*i(l). What is the tens digit of n(0)?
1
Let l = 75 + -40. What is the units digit of l?
5
Suppose 9 = -4*n + 5*r, -5*r + 45 = 8*n - 3*n. Suppose -n*a = 7 - 31. Suppose -a*v = -5*v - 9. What is the units digit of v?
9
Suppose -2*j + 76 = 2*r, -62 = 3*j - 5*r - 208. What is the tens digit of j?
4
Let u(w) = w**2 - w + 1. Let k = 9 - 15. Let c(m) = -m**3 - 6*m**2 + 1. Let v be c(k). What is the units digit of u(v)?
1
Suppose 13*s = 16*s - 261. What is the tens digit of s?
8
Let r be -7 - 3/(6/(-4)). Let b = r - 2. What is the units digit of (-23)/b - 2/7?
3
Let j = 5 - 7. What is the units digit of 5 + (-2 - j - -2)?
7
Let o(c) = -18*c - 6. Let z = -22 - -19. What is the tens digit of o(z)?
4
Let m = -26 - -45. What is the tens digit of m?
1
Let y(x) = 4*x**2 - 3*x - 3. Let j(v) = 2*v + 6. Let l be j(-4). What is the tens digit of y(l)?
1
Suppose 270 = 9*t - 6*t. What is the tens digit of t?
9
What is the units digit of 34/8*(0 - -12)?
1
What is the tens digit of (-567)/(-14) + ((-6)/4)/3?
4
Suppose 5*w - 2*c - 808 = -0*w, -w = 2*c - 152. Suppose 2*m - w = -3*m. What is the units digit of m?
2
Let o(y) = -y**3 + 4*y**2 - 2*y + 2. Let k be o(3). Let n(b) = b**2 - 4*b + 11. What is the tens digit of n(k)?
1
Suppose 0 = r - 38 - 37. Suppose 4*h - 3*c = -0*h - 67, 0 = 5*h + 5*c + r. Let w = -9 - h. What is the units digit of w?
7
Suppose n + 0 + 15 = 0. Let c(v) = -5*v + 4. Let k be c(3). Let y = k - n. What is the units digit of y?
4
Let z(p) be the first derivative of 19*p**4/4 + p + 2. What is the units digit of z(1)?
0
Suppose -5*k = -7 - 838. What is the tens digit of k?
6
Let p = -39 - -77. Suppose 3*m + 4*v - 94 = 0, m - p = -0*m + 2*v. What is the tens digit of m?
3
Let h(m) = 4*m - 4. Let x = 8 - 5. What is the units digit of h(x)?
8
Let f be (-2)/4*-8*2. Suppose -4*p = -f*p + 72. What is the units digit of p?
8
Let k(w) = 8*w**3 + 3*w**2 - w + 2. What is the hundreds digit of k(3)?
2
Let v(a) = -a**3 + 3*a**2 - 3*a + 3. Let n be v(3). Let q = n - -11. Suppose 5*y - 2 - 18 = 5*d, -4*y - q*d + 34 = 0. What is the units digit of y?
6
Let a(